t the prime factors of 120483584.
2, 13, 41, 883
List the prime factors of 5606104.
2, 7, 100109
List the prime factors of 54037741.
23, 811, 2897
What are the prime factors of 4233129885?
3, 5, 94069553
List the prime factors of 49249094.
2, 24624547
What are the prime factors of 454212203?
454212203
What are the prime factors of 399724213?
7, 17, 479861
List the prime factors of 1707140718.
2, 3, 31613717
List the prime factors of 2450594325.
3, 5, 139, 235069
List the prime factors of 1492971759.
3, 19, 673, 12973
What are the prime factors of 4916173935?
3, 5, 327744929
List the prime factors of 143321147.
61, 373, 6299
List the prime factors of 987760959.
3, 463, 711131
List the prime factors of 5041457359.
19, 331, 801631
What are the prime factors of 1223683494?
2, 3, 11, 17, 1090627
List the prime factors of 417323870.
2, 5, 139, 300233
List the prime factors of 957627957.
3, 11, 13, 151, 14783
What are the prime factors of 6625054664?
2, 269, 1039, 2963
What are the prime factors of 516805695?
3, 5, 7, 17, 811
List the prime factors of 333007138.
2, 166503569
List the prime factors of 174585164.
2, 13, 3357407
What are the prime factors of 442650010?
2, 5, 11, 4024091
List the prime factors of 72117966.
2, 3, 31, 43, 71, 127
List the prime factors of 22720966.
2, 11360483
What are the prime factors of 1912094455?
5, 2377, 160883
What are the prime factors of 9012932127?
3, 29, 157, 24439
List the prime factors of 290310321.
3, 7, 13824301
What are the prime factors of 6659729908?
2, 13, 128071729
What are the prime factors of 52250284?
2, 79, 165349
List the prime factors of 1091926221.
3, 363975407
List the prime factors of 488870943.
3, 11, 251, 59021
What are the prime factors of 432586155?
3, 5, 853, 33809
List the prime factors of 39055924.
2, 29, 336689
What are the prime factors of 12276179?
41, 299419
What are the prime factors of 141612077?
141612077
List the prime factors of 1355034443.
7, 23, 8416363
What are the prime factors of 21651090?
2, 3, 5, 721703
List the prime factors of 89233197.
3, 101, 294499
List the prime factors of 412756074.
2, 3, 1117, 2281
List the prime factors of 18255882.
2, 3, 23, 263, 503
List the prime factors of 2388088401.
3, 823, 967229
List the prime factors of 136277786.
2, 29, 449, 5233
List the prime factors of 104720481.
3, 11635609
What are the prime factors of 538979971?
538979971
What are the prime factors of 131730730?
2, 5, 37, 439, 811
List the prime factors of 412122725.
5, 7, 131, 17977
What are the prime factors of 925798417?
859, 1077763
What are the prime factors of 46752379?
29, 353, 4567
List the prime factors of 40350401.
7, 13, 17, 26083
What are the prime factors of 579339614?
2, 7, 41381401
What are the prime factors of 31379756?
2, 17, 461467
What are the prime factors of 37693292?
2, 7, 13, 103553
What are the prime factors of 347370991?
11, 31579181
What are the prime factors of 65118382?
2, 7, 23, 202231
What are the prime factors of 152825896?
2, 2399, 7963
What are the prime factors of 483035930?
2, 5, 13, 83, 89, 503
What are the prime factors of 67039129?
163, 193, 2131
List the prime factors of 694897438.
2, 41, 8474359
List the prime factors of 844343863.
11, 79, 131, 7417
List the prime factors of 621601456.
2, 7, 173, 4583
List the prime factors of 6051264401.
7, 13, 66497411
List the prime factors of 153310525.
5, 19, 23, 14033
List the prime factors of 134572071.
3, 37, 1212361
List the prime factors of 1530819143.
7, 29, 71, 15173
What are the prime factors of 50699821?
41, 59, 20959
List the prime factors of 3835283977.
7, 547897711
What are the prime factors of 42921452?
2, 7, 218987
List the prime factors of 33652801.
7, 13, 28447
List the prime factors of 1014201969.
3, 11, 19, 1617547
List the prime factors of 56745837.
3, 19, 29, 11443
What are the prime factors of 44270181?
3, 173, 28433
List the prime factors of 2696770581.
3, 29, 397, 78079
What are the prime factors of 13739364?
2, 3, 79, 4831
List the prime factors of 708636532.
2, 23, 7702571
List the prime factors of 9126738.
2, 3, 271, 1871
What are the prime factors of 3472785055?
5, 271, 2562941
What are the prime factors of 39142171?
39142171
What are the prime factors of 202379498?
2, 383, 431, 613
List the prime factors of 1007987957.
1007987957
List the prime factors of 191633983.
127, 1508929
What are the prime factors of 448877337?
3, 19, 283, 27827
List the prime factors of 276209451.
3, 7, 4384277
What are the prime factors of 99171429?
3, 7, 4722449
List the prime factors of 13384803.
3, 61, 73141
What are the prime factors of 499415712?
2, 3, 5202247
List the prime factors of 15255769.
29, 79, 6659
What are the prime factors of 90438574?
2, 45219287
What are the prime factors of 548989204?
2, 173, 793337
List the prime factors of 111393362.
2, 55696681
What are the prime factors of 116906306?
2, 11, 89, 59707
What are the prime factors of 58184217?
3, 7, 13, 17, 199
What are the prime factors of 817511947?
7, 113, 1033517
List the prime factors of 5147013670.
2, 5, 17, 29, 1044019
List the prime factors of 72455325.
3, 5, 379, 2549
List the prime factors of 80650194.
2, 3, 1439, 9341
List the prime factors of 77237539.
349, 221311
What are the prime factors of 2859143896?
2, 7, 51056141
What are the prime factors of 12088257?
3, 431, 9349
What are the prime factors of 1851416872?
2, 6883, 33623
What are the prime factors of 31424153?
47, 668599
List the prime factors of 1519155388.
2, 223, 1703089
What are the prime factors of 5381704243?
23, 89, 241, 10909
What are the prime factors of 5176866854?
2, 59, 211, 207923
List the prime factors of 1539646226.
2, 769823113
List the prime factors of 29225090.
2, 5, 2922509
What are the prime factors of 1134853274?
2, 8747, 64871
List the prime factors of 13383999.
3, 19, 23, 41, 83
List the prime factors of 21574953.
3, 2397217
What are the prime factors of 242666258?
2, 29, 97, 43133
What are the prime factors of 255436715?
5, 37, 191, 7229
List the prime factors of 73956690.
2, 3, 5, 821741
What are the prime factors of 487623634?
2, 167, 1459951
What are the prime factors of 1298055235?
5, 227, 1143661
What are the prime factors of 2029858888?
2, 17, 14925433
List the prime factors of 859188668.
2, 13, 653, 25303
What are the prime factors of 156271823?
239, 313, 2089
What are the prime factors of 166113056?
2, 5191033
What are the prime factors of 70319277?
3, 7, 37, 97, 311
List the prime factors of 77949597.
3, 11, 2362109
List the prime factors of 300121656.
2, 3, 12505069
List the prime factors of 479036703.
3, 29, 5506169
What are the prime factors of 502558388?
2, 125639597
What are the prime factors of 274169286?
2, 3, 331, 5113
What are the prime factors of 34697660?
2, 5, 1734883
What are the prime factors of 7771326134?
2, 11, 13, 313, 86813
What are the prime factors of 1190815350?
2, 3, 5, 449, 17681
What are the prime factors of 495469088?
2, 15483409
List the prime factors of 8914567.
8914567
List the prime factors of 47659222.
2, 13, 43, 47, 907
List the prime factors of 606698319.
3, 202232773
List the prime factors of 85922074.
2, 7, 1583, 3877
List the prime factors of 80303688.
2, 3, 1115329
What are the prime factors of 2457669141?
3, 17, 193, 27743
What are the prime factors of 44508898?
2, 7, 229, 13883
What are the prime factors of 213833532?
2, 3, 11, 41, 39511
What are the prime factors of 10744075?
5, 71, 6053
What are the prime factors of 1540591551?
3, 491, 348629
List the prime factors of 1763254.
2, 739, 1193
List the prime factors of 4924832129.
7, 19, 59, 569, 1103
List the prime factors of 192435334.
2, 7, 13, 83, 12739
What are the prime factors of 874858241?
251, 277, 12583
List the prime factors of 1304936489.
283, 4611083
List the prime factors of 2236355034.
2, 3, 47, 53, 149629
What are the prime factors of 108252391?
13, 89, 93563
What are the prime factors of 1274275384?
2, 159284423
List the prime factors of 1635900033.
3, 647, 842813
List the prime factors of 4090774.
2, 73, 28019
What are the prime factors of 28305373?
157, 180289
What are the prime factors of 224308433?
19, 621353
List the prime factors of 1712142885.
3, 5, 23, 215771
List the prime factors of 56939147.
56939147
List the 